t of q?
1
Suppose 4*f - 10 - 6 = 0. Suppose -4*m = f*s - 2*m - 236, s - 66 = 3*m. What is the tens digit of s?
6
Suppose t - 10342 = 3*m, -3*t - m + 11753 = -19253. What is the tens digit of 2/3 - t/(-48)?
1
Suppose 25*i = -66 + 1366. What is the units digit of i?
2
Let m be (-79)/(3*(-3)/(-36)). Let n = -169 - m. What is the tens digit of n?
4
Let m(k) = -k**3 - 23*k**2 - 28*k - 71. What is the units digit of m(-22)?
1
Let a(j) = 2*j + 27. Let h(r) = -3*r - 28. Let s(t) = 6*a(t) + 5*h(t). Let c be (-14)/(-28)*-6*3. What is the units digit of s(c)?
9
Let f(s) = 5*s + 17. Let r = -19 - -26. What is the units digit of f(r)?
2
Let m = 131 - 45. What is the units digit of m?
6
Let g(o) = o**2 + 1. Let h be g(4). Let d = 29 - h. What is the units digit of 2/12 - (-346)/d?
9
Let z = -84 - -82. What is the hundreds digit of 470/3 + z/3?
1
Suppose -m - 1035 = -13*p + 10*p, 5*m + 331 = p. What is the hundreds digit of p?
3
Let t be (-2 + (-4)/(-2))/2. Suppose 12 = 3*g - t*r + 5*r, 2*r = 2*g - 24. Suppose -l + g + 9 = 0. What is the units digit of l?
8
Let q = -2 - -5. Suppose q*h = 3*o + 5*h - 27, 45 = 5*o - 4*h. What is the units digit of o?
9
Let d be (-15)/10*(-86)/3. Let i = d - 9. What is the tens digit of i?
3
Let u = 5113 + -1567. What is the units digit of u?
6
Let p be 235/4 + (-21)/28. Let z = 127 - p. What is the units digit of z?
9
Suppose -4*p + 24 = -z - z, 3*z + 81 = -3*p. Suppose 0 = -2*i - 3*i - 195. Let k = z - i. What is the tens digit of k?
1
Let z(s) be the third derivative of s**4/8 - 3*s**3/2 + 15*s**2. What is the units digit of z(14)?
3
Let s = -1189 + 1674. What is the hundreds digit of s?
4
Let g(i) = 2*i**2 - 3*i + 17. Let x(c) = -c**2 + c - 8. Let b(q) = 6*g(q) + 13*x(q). What is the units digit of b(-4)?
2
Let u(l) = l**2 - 10*l + 11. Let g be u(9). Suppose -r + 3 = -g. Suppose -o - 6*n = -n - 59, 93 = 2*o + r*n. What is the tens digit of o?
3
Suppose 24*b = 25*b - 2. What is the tens digit of (-4 + (4 - 2))/(b/(-31))?
3
Let m = 1114 - -554. What is the units digit of m?
8
Suppose -3*m = 3*v - 6591 + 828, -5*v = -4*m - 9641. Suppose 0 = 10*l - 105 - v. What is the units digit of l?
3
Let z(j) = 5*j - 27. Let h be z(16). Suppose 420 = 58*m - h*m. What is the tens digit of m?
8
Let z = -2042 + 2137. What is the units digit of z?
5
Let x(a) = 6*a**3 + 2*a**2 - 3*a + 7. What is the units digit of x(3)?
8
Let p(u) = -26*u + 624. What is the tens digit of p(0)?
2
Let c(w) = -5*w**2 - 6*w + w**3 - 5*w**2 + 1 + 3*w**2 - 3*w. Let l be c(8). What is the units digit of 6/24 + l/(-4)?
2
What is the hundreds digit of (1*178)/((-28)/(-28))?
1
Let f = 4 - 2. Suppose -s + 5 = 0, 5*s - 26 = -f*c + s. Suppose 0 = c*w - 6*w + 18. What is the units digit of w?
6
Suppose 5*g - 3*y = 2352, 4*y + 962 + 1394 = 5*g. What is the units digit of g?
8
Let g be 20 - 20 - (0 + -3 - 2). Suppose -5*a - 345 = -5*c, -2*c = -6*c + g*a + 274. What is the tens digit of c?
7
Let s(u) be the second derivative of -u**5/15 - u**4/8 + 5*u**3/6 + 4*u. Let f(p) be the second derivative of s(p). What is the units digit of f(-5)?
7
What is the tens digit of (-1376)/(-12) - (-24)/72?
1
Let j(g) = g + 4. Let u(d) = d + 2. Let y(h) = -3*j(h) + 7*u(h). What is the units digit of y(4)?
8
Suppose -15 = 5*a, 0 = -4*j + 2*a + 1855 + 6283. What is the tens digit of j?
3
Let j = -18 + 22. Suppose -2*k + j*k = 190. What is the tens digit of k?
9
Let g = 8 - 64. Let o = g + 118. What is the tens digit of o?
6
Suppose h + s = -4*h + 22, -3*h + 5*s + 30 = 0. Suppose 6*o - 15 = h*o. Suppose 3*a + g = 9, -a + o = 4*a + 4*g. What is the units digit of a?
3
Let t(w) = 68*w**2 - 12*w + 61. What is the thousands digit of t(4)?
1
Let n = 8 + -8. Suppose 4*o = 4, 5*o = 3*h - n - 7. Suppose h*l - 109 - 19 = 0. What is the tens digit of l?
3
Let t(f) = 15 + 3*f**2 - 6*f + 6*f - f**3 - 2*f**2 - f. Suppose 12 = 2*g + 4*n, 0 = 3*g - 4*g - 3*n + 9. What is the tens digit of t(g)?
1
Let u = -901 + 1576. What is the hundreds digit of u?
6
Let i be (56/16 - 2)/((-6)/8). What is the tens digit of (-306)/i*(-12)/(-18)?
0
Suppose -19 = 4*i - g - 54, i = 2*g. Suppose -i*h + 110 = -8*h. Suppose 0 = -c - 0*c - 5*u + 61, -c + u = -h. What is the tens digit of c?
5
Let s = 158 - -403. What is the tens digit of s?
6
Let r(k) = 1251*k**2. What is the units digit of r(1)?
1
Suppose -z + 24 = -3*s + 4*z, -4*s - 5*z + 3 = 0. What is the hundreds digit of ((-124)/s)/(2/6)?
1
Suppose -9*j + 60 = -14*j. Let w = j + 42. What is the tens digit of w?
3
Let c(j) = -j**3 + 9*j**2 + 19*j + 1. Let v be c(10). Let s = v + -89. What is the units digit of s?
2
Let m = 48 - 18. Let b be (m/(-40))/(2/(-48)). Suppose 14*x - 11*x = b. What is the units digit of x?
6
Let l be (6/(-3))/2 - -4. Suppose -j + 4*t = -8, -5*t + l = j + j. Suppose 5*z - 23 = j*z. What is the tens digit of z?
2
Let d(z) = 26*z + 8. Let t be d(6). Suppose -7*j - t = 109. Let x = j - -84. What is the units digit of x?
5
Let n be 2/(-3)*2634/(-4). Suppose -133 = -4*h - 2*m + 227, 0 = 5*h - 3*m - n. What is the units digit of h?
9
Suppose -j = -2*d + 6, -j + 5 + 4 = 3*d. Suppose 0*l - d*l + 27 = 0. What is the units digit of (l/(-2))/(9/(-12))?
6
Let q(h) be the first derivative of -11*h**2/2 - 6. Let o be q(-3). What is the units digit of (o - 1 - 2) + 0?
0
Let i(x) = -x**3 + 12*x**2 - 8*x + 12. Suppose -9*z + 66 = -3*z. What is the tens digit of i(z)?
4
Let w(s) = 2*s**2 - 5. Let p be w(2). Suppose p*o - 640 = -2*o. What is the hundreds digit of o?
1
Let t = -1058 + 1502. Suppose 7*o - 5*o = t. What is the units digit of o?
2
Suppose 2688 = 4*b - 4*q, b - 5*q - 461 = 219. What is the hundreds digit of b?
6
Let x(j) = -2*j**3 + j + 34. What is the units digit of x(0)?
4
Suppose 5*c = 2*o + o + 7050, 5*o - 1382 = -c. What is the tens digit of c?
0
Let t = -43 - -25. What is the units digit of (-4)/14 - t/14?
1
Let h = -585 + 898. What is the units digit of h?
3
Let j be 60/16 + (3 - -1)/16. Suppose 0 = -5*l - 3*b + 810, -j*l + b = -3*b - 616. What is the units digit of l?
9
Suppose 0 = 5*f - 0*f - 35. Suppose 7*r = 8*r - f. What is the units digit of r?
7
Let w(o) = -50*o - 54. Let i(y) = -y**3 - 4*y + 11. Let x be i(2). What is the hundreds digit of w(x)?
1
Suppose -6*z - 7103 = -21833. What is the tens digit of z?
5
What is the units digit of 4/(72/(-17322))*-3?
7
Suppose m - 20 = -3*m. Suppose -r + m = -k, 3 = 4*k - k. Suppose 15 = r*x - x. What is the units digit of x?
3
Suppose 2*f - 4*v = -2*f + 6604, 0 = v - 2. What is the units digit of f?
3
Let r be 1 + 1 - (-18)/(-6). Let o = r + 4. Suppose 0 = 3*j - 2*k + 4, 18 = -5*j + 5*k + o. What is the units digit of j?
2
What is the thousands digit of (-34*(-166)/6)/((-8)/(-12))?
1
Suppose 0 = 5*q - 4*n - 81, 2*q - n - 18 = -3*n. Suppose -x = 11 + q. What is the tens digit of x/9*(-33)/4?
2
Suppose -3*t - 5*a = t + 65, -a + 35 = -4*t. Let n = t - -52. What is the units digit of n?
2
Let p(z) = -19*z + 3. Suppose 2*i = 2 + 2, -5*i = 5*j. What is the units digit of p(j)?
1
Let k = -2236 + 5885. What is the thousands digit of k?
3
Suppose 0 = -u + 4*a - 7, 3*u + 0*a - 4*a = 11. Let p = u - 18. What is the tens digit of (-250)/p + 2/9?
2
Suppose 3*i + 22 = 5*i. Suppose 4*b = 8*b - 76. Let z = b - i. What is the units digit of z?
8
Let k(l) = -18*l + 3. Suppose 3*o - 2*a - 1 = 2, 0 = -5*a. Let r be k(o). Let t = 29 + r. What is the units digit of t?
4
Suppose -a + 552 = -3*a - 4*m, 3*a = 2*m - 860. Let f = a - -409. What is the units digit of f?
5
Let j(r) = 2*r**2 + 6*r + 2. Let h be j(-7). Let y = -103 + h. Let f = y - -65. What is the units digit of f?
0
Let t(s) = -3 - 1 - 3 + 4*s + 4*s**2 + 2. What is the tens digit of t(3)?
4
Let w(v) = -97*v + 17. Let l be w(-8). Suppose 582 = 11*t - l. What is the units digit of t?
5
Suppose -6*g - w = -3*g - 7323, -g - 2*w + 2441 = 0. What is the tens digit of g?
4
Let y(d) = -d + 4. Let m be y(-5). Suppose 2*c - m = -3*s, 3*c = -c + 5*s - 15. Suppose c = -4*a + 88 - 8. What is the units digit of a?
0
Suppose 4*n = n. Suppose n = g - o - 11, 2*g = -2*o + 30 - 4. What is the units digit of (-3)/g + 505/20?
5
Suppose 4*v = -t + 5*t - 4, 0 = 2*t + 3*v - 27. Let p be (-3)/(-9)*0 + 2. Suppose -p*x = -5*x + t, -20 = -4*i + 2*x. What is the units digit of i?
6
Let a(t) = -